Let j be -4 + 4/(m/(-524)). Suppose -2*c + 0*c - 5*i + j = 0, 5*c - i = 277. What is the units digit of c?
6
Let o(s) = -s**3 - 8*s**2 - 7*s - 18. Let g be o(-6). Let n = 10 - 6. What is the units digit of ((-6)/n)/(9/g)?
8
What is the units digit of 972 + 3 - (7 - 18)?
6
Suppose 10 = -4*i - 2*j - 8, 3*i - 2*j = -24. Let c(v) = -v**3 - 6*v**2 + 10. Let t be c(i). What is the tens digit of (-10)/25 + 294/t?
2
What is the units digit of 1486*(30/(-5) + 7/1)?
6
Let j = 5742 - 1840. What is the tens digit of j?
0
Let a = -113 - 68. Let l = 490 + a. What is the units digit of l?
9
Let h(w) = 10*w**2 - 45*w + 41. What is the hundreds digit of h(10)?
5
Let w be 4 - 0 - (-3 - (1 - 3)). Suppose 3*y - 176 = w*m, 5*y - 140 - 112 = -2*m. What is the tens digit of y?
5
Let f = -23 + 42. Let r = f + 6. What is the units digit of r?
5
Let d(x) = -13*x**3 + 4*x + 4. Let y be d(-2). Suppose -96*h = -y*h + 836. What is the tens digit of h?
0
Suppose 0 = 4*o - 2*q + 79 - 241, -5*q + 35 = o. Let h = o - 9. What is the tens digit of h?
3
Suppose 0 = -5*r - 2*a - 36, 0 = -r - 3*r - 5*a - 39. Let t(f) = f - 4. Let o be t(5). What is the units digit of (-3)/((1/r)/o)?
8
Let k(z) = -z - 2. Let c be k(-7). Suppose -5*x - 435 = -c*o + 30, -4*o + 3*x = -368. What is the tens digit of o?
8
Suppose 0 = -3*a - 6 - 0, a = 4*i - 26. Suppose -12*t = -29*t + 34. Suppose n = t*n - i. What is the units digit of n?
6
Let a(f) = -5*f + 14 - 3*f**2 + 2 + 2*f**2. Let s be a(-6). What is the units digit of ((-6)/s)/(3/(-45))?
9
Suppose -3536 = -2*b - 5*v, b - 7040 = -3*b - 2*v. What is the hundreds digit of b?
7
Let p be (-3)/(9/6) - 20. Let y = 51 + p. What is the units digit of y?
9
Let p(s) = -11*s. Suppose -4 = -2*c + 4*m, 3*c - m + 1 = 7. Suppose 5*v + 10 = -4*b, 3*b = -c*b. What is the tens digit of p(v)?
2
Let n(k) = k**2 - 3*k - 3. Suppose 2*g + 0*z + 4*z = -10, 15 = -3*z. Let t = 12 - g. What is the tens digit of n(t)?
2
Suppose 8*m - 13520 = -12*m. What is the tens digit of m?
7
Let l be 15/4 + (-15)/20. Suppose 5*g + 0*n = -n + 40, 5*g - 2*n = 40. Suppose -23 = -l*z - g. What is the units digit of z?
5
Suppose 2*c = 2*x + 518, -2*c - 4*x + 1250 = 3*c. What is the units digit of c?
4
Suppose 0 = 4*q - 4*p - 920, 5*q - 2*p - 1144 = -0*p. Suppose 2*g = 6*g - q. What is the units digit of g?
7
Suppose 97*c - 93*c = 2*r + 12904, -5*r = -5*c + 16130. What is the hundreds digit of c?
2
Suppose -d + 5*x + 3623 = 0, -10813 = -3*d - 0*d + x. What is the thousands digit of d?
3
Let q be 3 - 7/((-14)/32). Suppose -5*n - u = -0*u - q, -5*n = -3*u - 3. Suppose 3*s - 48 = -s - 2*d, -36 = -3*s - n*d. What is the tens digit of s?
1
Suppose -5*a + 10 = -0*a. Suppose -7*x - 5 = -a*x, 4*g - 3*x = 607. What is the tens digit of g?
5
Let f(n) = 2*n**2 + 11*n - 2. Let c be f(-6). Let q be -2 + 6 + (150 - -1). Suppose -l + q = c*l. What is the units digit of l?
1
Suppose -3*x - j = j - 351, -3*j + 351 = 3*x. What is the tens digit of 6/(-15) + x/5?
2
Let t = -202 + 203. What is the units digit of t?
1
Let j(k) = -7*k**3 + 6*k + 9. Let h be j(-3). Let w = -104 + h. What is the tens digit of w?
7
Let m be 1 + -4 + (-56)/(-12)*3. Let c(k) = -k**2 - 6*k - 2. Let z be c(-4). Suppose 5*s = z*s - m. What is the units digit of s?
1
Let p(m) = m - 3. Let s be p(9). Suppose s*j - 10 = 8. What is the units digit of j?
3
Let f(a) = -3*a - 10. Suppose -4*i = 5*y - 59, 0*i - 3*i = -3*y + 57. Let v be y/(-90) - (-107)/(-6). What is the tens digit of f(v)?
4
What is the units digit of ((-6621)/(-6))/(17/34)?
7
Suppose -y - 4*y = -2*j + 829, 5*j + 2*y - 2058 = 0. What is the hundreds digit of j?
4
What is the tens digit of (-2 - (-11)/4) + 5763/12?
8
Let l = 125 - 119. What is the units digit of (-1)/l + (-9730)/(-60)?
2
Suppose p + 27300 = -6*p. Let c be (-4)/(-16) + p/(-16). Let n = -165 + c. What is the units digit of n?
9
Suppose -4*y + 4 = -2*y. Suppose -y = j - 8. Suppose 5*n = j*n - 9. What is the units digit of n?
9
What is the tens digit of 1/4 - (-29359)/68?
3
Suppose 4*a = a - 18. Let d(v) = v**2 + 8*v + 6. Let h be d(a). What is the units digit of (h/(-5))/((-4)/(-10))?
3
Suppose 2*a - 2*c - 312 = -6*c, 5*a - c = 802. What is the units digit of a?
0
Let d(v) = v - 5. Let s be d(5). Suppose -3*m - 5*l + 22 = s, -5*m + 0*l - 5*l = -30. What is the tens digit of (m - (-3 + 3)) + 8?
1
Let o(s) = 5*s + 10. Let h be o(-3). What is the units digit of (-2)/h + (-438)/(-5)?
8
Let q = -3 + 7. Suppose -v = s - 1 - 6, -1 = -q*s + 5*v. What is the units digit of s?
4
Let s(o) = 1 - 28*o + 8*o - 15*o. What is the units digit of s(-1)?
6
Let i = 45 + -67. Let n = -21 - i. Let q(f) = 52*f**2 - 2*f. What is the tens digit of q(n)?
5
Suppose 0*u + 2*u = 1284. What is the tens digit of u?
4
Let x be (-246)/(-9) - (-2)/3. Let b = -10 + x. Suppose -4*p - 3 = -10*m + 5*m, -p + b = 5*m. What is the units digit of p?
3
Suppose 7 - 1 = u. Let p(t) = -t**3 - 11*t**2 + 8*t + 7. Let l(d) = d**3 + 12*d**2 - 7*d - 6. Let w(m) = u*l(m) + 5*p(m). What is the units digit of w(-17)?
3
Suppose 5*q = -86 + 6. Let c = -14 - -34. What is the tens digit of -55*(q/c - 0)?
4
Suppose 2*g - 2*m - 124 = -2*g, 0 = -g - 5*m + 42. Let d = g - 62. Let x = d + 33. What is the units digit of x?
3
Let d(n) = n**3 + n**2 + n + 4. Let z be d(0). Suppose 3*a = z*a - 5. What is the tens digit of (4/a)/(2/45)?
1
Suppose -40 = -9*w + 4*w + 5*v, -12 = 3*v. Suppose -b + w*q = 4*b - 290, 0 = 2*b - 5*q - 99. What is the units digit of b?
2
Let p be ((-3)/2)/((-18)/336). Suppose b + 89 = p. Let j = -34 - b. What is the tens digit of j?
2
Suppose -4*z = -15 - 5. Suppose 266 = 2*a + z*r, 4*r - 197 = -2*a + 65. What is the tens digit of a?
2
Let n(m) = -152*m + 9. What is the units digit of n(-3)?
5
Let h be -11*-4*(-2)/8. Let o = h - -2. What is the units digit of (-164)/(-9) - (-2)/o?
8
Suppose -w = 2 - 38. Suppose 2*z - w = 50. What is the tens digit of z?
4
Let w(y) = 3*y**3 - 6*y**2 + 2*y + 17. What is the hundreds digit of w(4)?
1
Suppose 2 = -w, -2 = -3*r - 2*w - 0. Let b = r + -12. What is the tens digit of (85/b)/((-2)/4)?
1
Suppose -2*x = -11 + 3. Suppose -t - 3*o + 0*o = 3, 0 = x*t + 4*o - 4. Let r = t - -16. What is the tens digit of r?
1
Let s = -19 - -23. Suppose -11*m = s*m - 3345. What is the tens digit of m?
2
Suppose 7*v + 4 = 18. Let m(q) = -q**2 - 7*q - 4. Let w be m(-6). Suppose 0 = -w*z - v*z + 20. What is the units digit of z?
5
Let x(p) = -3*p**3 - 25*p**2 - 20*p - 47. What is the tens digit of x(-11)?
4
Let w(y) = -4*y - 13. Let h(m) = -m - 1. Let c(v) = 3*h(v) - w(v). Let i be c(-5). Suppose 2*j - i*j = -3. What is the units digit of j?
1
Let h(q) = -q**2 - 5*q + 7. Let i be h(-8). Let r = i + 25. What is the units digit of ((-18)/(-4))/(4/r)?
9
Let c = -8 + 10. Suppose 4*u + 8*m = 3*m - 3, -c*m + 9 = 5*u. Let f(d) = d**3 + 5*d**2 - 4*d - 1. What is the tens digit of f(u)?
5
What is the tens digit of (-11852)/(-12) - -1 - 8/12?
8
Suppose 13*q - 644 = 9*q. What is the tens digit of q - 1 - (-1 + 2 - 2)?
6
Let o be 1*-1 - (-4)/(1 + 3). Suppose z = 4*v + 5*z - 16, o = 3*z + 6. What is the units digit of v?
6
Let b(q) = q + 3. Let l be b(2). Suppose l*r - 8 = r. Suppose 3*y + 4*d = 42, -4*d + 2*d = r*y - 30. What is the tens digit of y?
1
Let w = 10 - 17. Let h be -7 - w - (-28)/1. Suppose h = 5*b - 3*b. What is the tens digit of b?
1
Let t be (2 + -1)*(7 - 5). Suppose f - 3*j + 3 = 19, t*f + 3*j = -4. Suppose 0 = 2*h - 3*h + c + 35, f*c + 80 = 2*h. What is the tens digit of h?
3
Let l = -46 + 106. Let i be l/(-14)*(-8 - -1). Suppose -2*u + 0 = -i. What is the tens digit of u?
1
Suppose 10 = 2*x, 0 = -3*i + 3*x - 7*x + 4043. What is the units digit of i?
1
Let x(j) = -6*j + 18. Let l(f) = -7*f + 18. Let z(t) = -5*l(t) + 6*x(t). Let b be ((-2)/3)/(3/(-36)). What is the tens digit of z(b)?
1
Suppose 6*u + 888 = 20484. What is the tens digit of u?
6
Let l be (61/2 - -1) + (-50)/(-100). What is the units digit of (2 - -1) + l + 2?
7
Let s be (2 + (-55)/15)*-3. Suppose r - 292 = -0*r - 5*x, 0 = s*r + 3*x - 1350. What is the hundreds digit of r?
2
Let t be -17*(2*-1)/2. Let s = 81 + -77. Let y = t - s. What is the tens digit of y?
1
Suppose -5*h + 0*h + 2*o = 73, 0 = -2*o + 8. Let s(t) = -t**3 - 12*t**2 + 7*t - 6. Let v be s(h). Suppose 12*x = 9